{"id":40,"date":"2020-08-08T14:30:49","date_gmt":"2020-08-08T14:30:49","guid":{"rendered":"https:\/\/snoopplanet.de\/?page_id=40"},"modified":"2020-08-08T14:30:49","modified_gmt":"2020-08-08T14:30:49","slug":"impressum","status":"publish","type":"page","link":"https:\/\/naturundgeist.de\/?page_id=40","title":{"rendered":"Impressum"},"content":{"rendered":"<p align=\"center\"><span style=\"font-family: Verdana; font-size: medium;\"><b>Impressum<\/b><\/span><\/p>\n<p>&nbsp;<\/p>\n<div align=\"center\"><strong style=\"font-weight: 400;\">Alle Angaben ohne Gew\u00e4hr. Es gilt der auf der Internetseite<\/strong><a href=\"http:\/\/www.disclaimer.de\/disclaimer.htm\"> http:\/\/www.disclaimer.de\/disclaimer.htm<\/a><br \/>\n<strong style=\"font-weight: 400;\"><strong style=\"font-weight: 400;\">angegebene<br \/>\nHaftungsausschluss.<\/strong><\/strong><\/p>\n<h2><span style=\"font-size: small;\">Haftungsausschluss<\/span><\/h2>\n<p>Die jeweiligen Autoren und sonstigen Verantwortlichen dieses Projekts<br \/>\n\u00fcbernehmen keine Haftung f\u00fcr den Inhalt der ver\u00f6ffentlichten Artikel,<br \/>\ninsbesondere im Hinblick auf Richtigkeit, Aktualit\u00e4t und Vollst\u00e4ndigkeit der zur<br \/>\nVerf\u00fcgung gestellten Informationen. Die Geltendmachung von Anspr\u00fcchen jeglicher<br \/>\nArt ist ausgeschlossen.<\/p>\n<p><a id=\"Wichtiger_Hinweis_f.C3.BCr_Beitr.C3.A4ge_im_Bereich_Gesundheit\" name=\"Wichtiger_Hinweis_f.C3.BCr_Beitr.C3.A4ge_im_Bereich_Gesundheit\"><\/a><\/p>\n<h3><span style=\"font-size: small;\">Wichtiger Hinweis f\u00fcr Beitr\u00e4ge im Bereich Gesundheit<\/span><\/h3>\n<div class=\"floatright\"><a class=\"image\" title=\"Gesundheitshinweis\" href=\"\/wiki\/Bild:Aeskulap.png\"><img loading=\"lazy\" decoding=\"async\" src=\"http:\/\/upload.wikimedia.org\/wikipedia\/commons\/thumb\/1\/12\/Aeskulap.png\/60px-Aeskulap.png\" alt=\"Gesundheitshinweis\" width=\"60\" height=\"120\" longdesc=\"\/wiki\/Bild:Aeskulap.png\" \/><\/a><\/div>\n<p>Sie sollten Informationen aus dem Internet, niemals<br \/>\nals alleinige Quelle f\u00fcr gesundheitsbezogene Entscheidungen verwenden. Bei<br \/>\ngesundheitlichen Beschwerden fragen Sie Ihren Arzt oder Apotheker, bei<br \/>\nTierkrankheiten Ihren Tierarzt.<\/p>\n<p>&nbsp;<\/p>\n<p>Nehmen Sie niemals Medikamente (Heilkr\u00e4uter eingeschlossen) ohne Absprache<br \/>\nmit Ihrem Arzt oder Apotheker ein!<\/p>\n<\/div>\n<p>&nbsp;<\/p>\n<p align=\"left\">Dipl. math. Ursula Wefelscheid<\/p>\n<p align=\"left\"><span style=\"font-family: Verdana; font-size: medium;\">Redtenbacherstra\u00dfe 4<br \/>\n<\/span><\/p>\n<p align=\"left\"><span style=\"font-family: Verdana; font-size: medium;\">45133 Essen\u00a0\u00a0 <\/span><br \/>\n<span style=\"font-family: Verdana; font-size: medium;\"><br \/>\n<img loading=\"lazy\" decoding=\"async\" class=\"alignnone size-full wp-image-5003\" src=\"https:\/\/www.naturundgeist.de\/wp-content\/uploads\/2020\/09\/Emailadresse.png\" alt=\"\" width=\"185\" height=\"20\" \/><\/span><\/p>\n<p>Tel: 0173\/2972946<\/p>\n","protected":false},"excerpt":{"rendered":"<p>Impressum &nbsp; Alle Angaben ohne Gew\u00e4hr. Es gilt der auf der Internetseite http:\/\/www.disclaimer.de\/disclaimer.htm angegebene Haftungsausschluss. Haftungsausschluss Die jeweiligen Autoren und sonstigen Verantwortlichen dieses Projekts \u00fcbernehmen keine Haftung f\u00fcr den Inhalt der ver\u00f6ffentlichten Artikel, insbesondere im Hinblick auf Richtigkeit, Aktualit\u00e4t und Vollst\u00e4ndigkeit der zur Verf\u00fcgung gestellten Informationen. Die Geltendmachung von Anspr\u00fcchen jeglicher Art ist ausgeschlossen. Wichtiger [&hellip;]<\/p>\n","protected":false},"author":1,"featured_media":0,"parent":0,"menu_order":0,"comment_status":"closed","ping_status":"closed","template":"","meta":{"footnotes":""},"class_list":["post-40","page","type-page","status-publish","hentry"],"_links":{"self":[{"href":"https:\/\/naturundgeist.de\/index.php?rest_route=\/wp\/v2\/pages\/40","targetHints":{"allow":["GET"]}}],"collection":[{"href":"https:\/\/naturundgeist.de\/index.php?rest_route=\/wp\/v2\/pages"}],"about":[{"href":"https:\/\/naturundgeist.de\/index.php?rest_route=\/wp\/v2\/types\/page"}],"author":[{"embeddable":true,"href":"https:\/\/naturundgeist.de\/index.php?rest_route=\/wp\/v2\/users\/1"}],"replies":[{"embeddable":true,"href":"https:\/\/naturundgeist.de\/index.php?rest_route=%2Fwp%2Fv2%2Fcomments&post=40"}],"version-history":[{"count":0,"href":"https:\/\/naturundgeist.de\/index.php?rest_route=\/wp\/v2\/pages\/40\/revisions"}],"wp:attachment":[{"href":"https:\/\/naturundgeist.de\/index.php?rest_route=%2Fwp%2Fv2%2Fmedia&parent=40"}],"curies":[{"name":"wp","href":"https:\/\/api.w.org\/{rel}","templated":true}]}}